{"id":241,"date":"2019-03-10T16:30:23","date_gmt":"2019-03-10T15:30:23","guid":{"rendered":"https:\/\/www.ssv-senftenberg.de\/konzept\/?page_id=241"},"modified":"2023-01-08T18:20:18","modified_gmt":"2023-01-08T17:20:18","slug":"beitragsordnung","status":"publish","type":"page","link":"https:\/\/www.ssv-senftenberg.de\/konzept\/beitragsordnung\/","title":{"rendered":"Beitragsordnung"},"content":{"rendered":"<p>Beitr\u00e4ge:<\/p>\n<table width=\"444\">\n<tbody>\n<tr>\n<td width=\"278\">Beitragsh\u00f6he<\/td>\n<td width=\"83\">pro Monat<\/td>\n<td width=\"83\">pro Halbjahr<\/td>\n<\/tr>\n<tr>\n<td>Kinder bis zur Beendigung des 8. Lebensjahres<\/td>\n<td>\u00a0\u00a0\u00a0\u00a0\u00a0\u00a0\u00a0\u00a0\u00a0 10,00 \u20ac<\/td>\n<td>\u00a0\u00a0\u00a0\u00a0\u00a0\u00a0\u00a0\u00a0\u00a0 60,00 \u20ac<\/td>\n<\/tr>\n<tr>\n<td>Jugendliche &gt; 8 Jahre \/ Studierende<\/td>\n<td>\u00a0\u00a0\u00a0\u00a0\u00a0\u00a0\u00a0\u00a0\u00a0 15,00 \u20ac<\/td>\n<td>\u00a0\u00a0\u00a0\u00a0\u00a0\u00a0\u00a0\u00a0\u00a0 90,00 \u20ac<\/td>\n<\/tr>\n<tr>\n<td>Erwachsene ab 18 Jahren<\/td>\n<td>\u00a0\u00a0\u00a0\u00a0\u00a0\u00a0\u00a0\u00a0\u00a0 20,00 \u20ac<\/td>\n<td>\u00a0\u00a0\u00a0\u00a0\u00a0\u00a0 120,00 \u20ac<\/td>\n<\/tr>\n<tr>\n<td>Familienbeitrag (ab drei Mitgliedern)<\/td>\n<td>\u00a0\u00a0\u00a0\u00a0\u00a0\u00a0\u00a0\u00a0\u00a0 30,00 \u20ac<\/td>\n<td>\u00a0\u00a0\u00a0\u00a0\u00a0\u00a0 180,00 \u20ac<\/td>\n<\/tr>\n<tr>\n<td>Trainer<\/td>\n<td>\u00a0\u00a0\u00a0\u00a0\u00a0\u00a0\u00a0\u00a0\u00a0\u00a0\u00a0 1,00 \u20ac<\/td>\n<td>\u00a0\u00a0\u00a0\u00a0\u00a0\u00a0\u00a0\u00a0\u00a0\u00a0\u00a0 6,00 \u20ac<\/td>\n<\/tr>\n<tr>\n<td>Passive Mitglieder<\/td>\n<td>\u00a0\u00a0\u00a0\u00a0\u00a0\u00a0\u00a0\u00a0\u00a0\u00a0\u00a0 5,00 \u20ac<\/td>\n<td>\u00a0\u00a0\u00a0\u00a0\u00a0\u00a0\u00a0\u00a0\u00a0 30,00 \u20ac<\/td>\n<\/tr>\n<tr>\n<td>Ruhende Mitglieder<\/td>\n<td>\u00a0\u00a0\u00a0\u00a0\u00a0\u00a0\u00a0\u00a0\u00a0\u00a0\u00a0 2,00 \u20ac<\/td>\n<td>\u00a0\u00a0\u00a0\u00a0\u00a0\u00a0\u00a0\u00a0\u00a0 12,00 \u20ac<\/td>\n<\/tr>\n<tr>\n<td>Ehrenmitglieder<\/td>\n<td>beitragsfrei<\/td>\n<td><\/td>\n<\/tr>\n<\/tbody>\n<\/table>\n<p><span style=\"font-size: 1rem;\">Die Beitragszahlung ist nur \u00fcber das Lastschrifteinzugsverfahren m\u00f6glich. Der Beitrag wird in zwei Halbjahresraten an folgenden Terminen eingezogen:<\/span><\/p>\n<p>I. Halbjahr: am 15.02. und \u00a0II. Halbjahr: am 15.09.<\/p>\n<p>Der Aufnahmebeitrag betr\u00e4gt einmalig 30,00 \u20ac. Mit der Aufnahme erh\u00e4lt das Vereinsmitglied f\u00fcr diesen Beitrag ein Vereinsstarterpaket u.a. bestehend aus einer Badekappe und einem \u00dcberraschungspaket. Die Lizenzgeb\u00fchr f\u00fcr den DSV (15 \u20ac) ist im Aufnahmebeitrag enthalten.<\/p>\n","protected":false},"excerpt":{"rendered":"<p>Beitr\u00e4ge: Beitragsh\u00f6he pro Monat pro Halbjahr Kinder bis zur Beendigung des 8. Lebensjahres \u00a0\u00a0\u00a0\u00a0\u00a0\u00a0\u00a0\u00a0\u00a0 10,00 \u20ac \u00a0\u00a0\u00a0\u00a0\u00a0\u00a0\u00a0\u00a0\u00a0 60,00 \u20ac Jugendliche &gt; 8 Jahre \/ Studierende \u00a0\u00a0\u00a0\u00a0\u00a0\u00a0\u00a0\u00a0\u00a0 15,00 \u20ac \u00a0\u00a0\u00a0\u00a0\u00a0\u00a0\u00a0\u00a0\u00a0 90,00 \u20ac Erwachsene ab 18 Jahren \u00a0\u00a0\u00a0\u00a0\u00a0\u00a0\u00a0\u00a0\u00a0 20,00 \u20ac \u00a0\u00a0\u00a0\u00a0\u00a0\u00a0 120,00 \u20ac Familienbeitrag (ab drei Mitgliedern) \u00a0\u00a0\u00a0\u00a0\u00a0\u00a0\u00a0\u00a0\u00a0 30,00 \u20ac \u00a0\u00a0\u00a0\u00a0\u00a0\u00a0 180,00 \u20ac Trainer \u00a0\u00a0\u00a0\u00a0\u00a0\u00a0\u00a0\u00a0\u00a0\u00a0\u00a0 1,00 \u20ac &hellip; <\/p>\n<p class=\"link-more\"><a href=\"https:\/\/www.ssv-senftenberg.de\/konzept\/beitragsordnung\/\" class=\"more-link\"><span class=\"screen-reader-text\">\u201eBeitragsordnung\u201c <\/span>weiterlesen<\/a><\/p>\n","protected":false},"author":5,"featured_media":0,"parent":0,"menu_order":0,"comment_status":"closed","ping_status":"closed","template":"","meta":{"footnotes":""},"class_list":["post-241","page","type-page","status-publish","hentry"],"_links":{"self":[{"href":"https:\/\/www.ssv-senftenberg.de\/konzept\/wp-json\/wp\/v2\/pages\/241","targetHints":{"allow":["GET"]}}],"collection":[{"href":"https:\/\/www.ssv-senftenberg.de\/konzept\/wp-json\/wp\/v2\/pages"}],"about":[{"href":"https:\/\/www.ssv-senftenberg.de\/konzept\/wp-json\/wp\/v2\/types\/page"}],"author":[{"embeddable":true,"href":"https:\/\/www.ssv-senftenberg.de\/konzept\/wp-json\/wp\/v2\/users\/5"}],"replies":[{"embeddable":true,"href":"https:\/\/www.ssv-senftenberg.de\/konzept\/wp-json\/wp\/v2\/comments?post=241"}],"version-history":[{"count":16,"href":"https:\/\/www.ssv-senftenberg.de\/konzept\/wp-json\/wp\/v2\/pages\/241\/revisions"}],"predecessor-version":[{"id":6944,"href":"https:\/\/www.ssv-senftenberg.de\/konzept\/wp-json\/wp\/v2\/pages\/241\/revisions\/6944"}],"wp:attachment":[{"href":"https:\/\/www.ssv-senftenberg.de\/konzept\/wp-json\/wp\/v2\/media?parent=241"}],"curies":[{"name":"wp","href":"https:\/\/api.w.org\/{rel}","templated":true}]}}