{"id":7142,"date":"2023-02-21T00:44:13","date_gmt":"2023-02-20T23:44:13","guid":{"rendered":"https:\/\/www.ssv-senftenberg.de\/konzept\/?page_id=7142"},"modified":"2023-02-22T21:59:21","modified_gmt":"2023-02-22T20:59:21","slug":"menuepunkt-auswertungen","status":"publish","type":"page","link":"https:\/\/www.ssv-senftenberg.de\/konzept\/was-ist-webclub\/menuepunkt-auswertungen\/","title":{"rendered":"Men\u00fcpunkt Auswertungen"},"content":{"rendered":"<p><a href=\"https:\/\/www.ssv-senftenberg.de\/konzept\/wp-content\/uploads\/2023\/02\/webclub_menue_auswertung.png\"><img loading=\"lazy\" decoding=\"async\" class=\"size-medium wp-image-7143 alignleft\" src=\"https:\/\/www.ssv-senftenberg.de\/konzept\/wp-content\/uploads\/2023\/02\/webclub_menue_auswertung-300x94.png\" alt=\"\" width=\"300\" height=\"94\" srcset=\"https:\/\/www.ssv-senftenberg.de\/konzept\/wp-content\/uploads\/2023\/02\/webclub_menue_auswertung-300x94.png 300w, https:\/\/www.ssv-senftenberg.de\/konzept\/wp-content\/uploads\/2023\/02\/webclub_menue_auswertung-1024x319.png 1024w, https:\/\/www.ssv-senftenberg.de\/konzept\/wp-content\/uploads\/2023\/02\/webclub_menue_auswertung-768x240.png 768w, https:\/\/www.ssv-senftenberg.de\/konzept\/wp-content\/uploads\/2023\/02\/webclub_menue_auswertung.png 1077w\" sizes=\"auto, (max-width: 300px) 100vw, 300px\" \/><\/a>In diesem Men\u00fcpunkt stecken vor allem statistische und Informative Funktionen zur Bewertung der Leistung- und Vielf\u00e4ltigkeit der Sportler.<\/p>\n<p>Besonders \u00fcbersichtlich finde ich die Funktion <a href=\"https:\/\/ssv-senftenberg.webclub.app\/swrakte.php\">Schwimmer-Akte<\/a>. Probiert es ruhig mal aus.<\/p>\n<p>Auch hier gilt: f\u00fcr die Schwimmerentwicklung werden nur neue Daten welche ab 01\/2023 geschwommen wurden ber\u00fccksichtigt. Ein k\u00fcnftiges Update bietet voraussichtlich auch \u00e4ltere importierte Daten an.<\/p>\n<p><em>zur\u00fcck zu\u00a0<a href=\"https:\/\/www.ssv-senftenberg.de\/konzept\/was-ist-webclub\/\">Was ist Webclub<\/a>\u00a0| weiter zu\u00a0<a href=\"https:\/\/www.ssv-senftenberg.de\/konzept\/was-ist-webclub\/menuepunkt-training\/\">Men\u00fcpunkt Training<\/a><\/em><\/p>\n","protected":false},"excerpt":{"rendered":"<p>In diesem Men\u00fcpunkt stecken vor allem statistische und Informative Funktionen zur Bewertung der Leistung- und Vielf\u00e4ltigkeit der Sportler. Besonders \u00fcbersichtlich finde ich die Funktion Schwimmer-Akte. Probiert es ruhig mal aus. Auch hier gilt: f\u00fcr die Schwimmerentwicklung werden nur neue Daten welche ab 01\/2023 geschwommen wurden ber\u00fccksichtigt. Ein k\u00fcnftiges Update bietet voraussichtlich auch \u00e4ltere importierte Daten &hellip; <\/p>\n<p class=\"link-more\"><a href=\"https:\/\/www.ssv-senftenberg.de\/konzept\/was-ist-webclub\/menuepunkt-auswertungen\/\" class=\"more-link\"><span class=\"screen-reader-text\">\u201eMen\u00fcpunkt Auswertungen\u201c <\/span>weiterlesen<\/a><\/p>\n","protected":false},"author":5,"featured_media":0,"parent":7103,"menu_order":0,"comment_status":"closed","ping_status":"closed","template":"","meta":{"footnotes":""},"class_list":["post-7142","page","type-page","status-publish","hentry"],"_links":{"self":[{"href":"https:\/\/www.ssv-senftenberg.de\/konzept\/wp-json\/wp\/v2\/pages\/7142","targetHints":{"allow":["GET"]}}],"collection":[{"href":"https:\/\/www.ssv-senftenberg.de\/konzept\/wp-json\/wp\/v2\/pages"}],"about":[{"href":"https:\/\/www.ssv-senftenberg.de\/konzept\/wp-json\/wp\/v2\/types\/page"}],"author":[{"embeddable":true,"href":"https:\/\/www.ssv-senftenberg.de\/konzept\/wp-json\/wp\/v2\/users\/5"}],"replies":[{"embeddable":true,"href":"https:\/\/www.ssv-senftenberg.de\/konzept\/wp-json\/wp\/v2\/comments?post=7142"}],"version-history":[{"count":4,"href":"https:\/\/www.ssv-senftenberg.de\/konzept\/wp-json\/wp\/v2\/pages\/7142\/revisions"}],"predecessor-version":[{"id":7211,"href":"https:\/\/www.ssv-senftenberg.de\/konzept\/wp-json\/wp\/v2\/pages\/7142\/revisions\/7211"}],"up":[{"embeddable":true,"href":"https:\/\/www.ssv-senftenberg.de\/konzept\/wp-json\/wp\/v2\/pages\/7103"}],"wp:attachment":[{"href":"https:\/\/www.ssv-senftenberg.de\/konzept\/wp-json\/wp\/v2\/media?parent=7142"}],"curies":[{"name":"wp","href":"https:\/\/api.w.org\/{rel}","templated":true}]}}