{"id":7159,"date":"2023-02-21T01:58:08","date_gmt":"2023-02-21T00:58:08","guid":{"rendered":"https:\/\/www.ssv-senftenberg.de\/konzept\/?page_id=7159"},"modified":"2023-02-21T02:25:16","modified_gmt":"2023-02-21T01:25:16","slug":"staffelmeldung","status":"publish","type":"page","link":"https:\/\/www.ssv-senftenberg.de\/konzept\/was-ist-webclub\/staffelmeldung\/","title":{"rendered":"Staffelmeldung"},"content":{"rendered":"<p><a href=\"https:\/\/www.ssv-senftenberg.de\/konzept\/wp-content\/uploads\/2023\/02\/webclub_veranstaltungen.png\"><img loading=\"lazy\" decoding=\"async\" class=\"size-medium wp-image-7149 alignleft\" src=\"https:\/\/www.ssv-senftenberg.de\/konzept\/wp-content\/uploads\/2023\/02\/webclub_veranstaltungen-300x153.png\" alt=\"\" width=\"300\" height=\"153\" srcset=\"https:\/\/www.ssv-senftenberg.de\/konzept\/wp-content\/uploads\/2023\/02\/webclub_veranstaltungen-300x153.png 300w, https:\/\/www.ssv-senftenberg.de\/konzept\/wp-content\/uploads\/2023\/02\/webclub_veranstaltungen.png 563w\" sizes=\"auto, (max-width: 300px) 100vw, 300px\" \/><\/a>Nach der Anmeldung am Webclub die Funktion &#8222;Veranstaltungen&#8220; ausw\u00e4hlen um in die Veranstaltungsliste zu gelangen.<\/p>\n<p>&nbsp;<\/p>\n<p>&nbsp;<\/p>\n<p><a href=\"https:\/\/www.ssv-senftenberg.de\/konzept\/wp-content\/uploads\/2023\/02\/webclub_veranstaltungsliste.png\"><img loading=\"lazy\" decoding=\"async\" class=\"size-medium wp-image-7150 alignright\" src=\"https:\/\/www.ssv-senftenberg.de\/konzept\/wp-content\/uploads\/2023\/02\/webclub_veranstaltungsliste-300x151.png\" alt=\"\" width=\"300\" height=\"151\" srcset=\"https:\/\/www.ssv-senftenberg.de\/konzept\/wp-content\/uploads\/2023\/02\/webclub_veranstaltungsliste-300x151.png 300w, https:\/\/www.ssv-senftenberg.de\/konzept\/wp-content\/uploads\/2023\/02\/webclub_veranstaltungsliste-768x387.png 768w, https:\/\/www.ssv-senftenberg.de\/konzept\/wp-content\/uploads\/2023\/02\/webclub_veranstaltungsliste.png 866w\" sizes=\"auto, (max-width: 300px) 100vw, 300px\" \/><\/a><\/p>\n<p>\u00dcber einen Klick auf den \u201egelben Ordner\u201c neben der Veranstaltung gelangt ihr zu den Details des Wettkampfs.<\/p>\n<p>&nbsp;<\/p>\n<p>&nbsp;<\/p>\n<p><a href=\"https:\/\/www.ssv-senftenberg.de\/konzept\/wp-content\/uploads\/2023\/02\/webclub_veranstaltung_meldung.png\"><img loading=\"lazy\" decoding=\"async\" class=\"size-medium wp-image-7151 alignleft\" src=\"https:\/\/www.ssv-senftenberg.de\/konzept\/wp-content\/uploads\/2023\/02\/webclub_veranstaltung_meldung-300x154.png\" alt=\"\" width=\"300\" height=\"154\" srcset=\"https:\/\/www.ssv-senftenberg.de\/konzept\/wp-content\/uploads\/2023\/02\/webclub_veranstaltung_meldung-300x154.png 300w, https:\/\/www.ssv-senftenberg.de\/konzept\/wp-content\/uploads\/2023\/02\/webclub_veranstaltung_meldung-768x394.png 768w, https:\/\/www.ssv-senftenberg.de\/konzept\/wp-content\/uploads\/2023\/02\/webclub_veranstaltung_meldung.png 899w\" sizes=\"auto, (max-width: 300px) 100vw, 300px\" \/><\/a>In den Reitern findet ihr Basisdaten zum Wettkampf, den Abschnitten usw. welche durch den Sportwart eingetragen oder aus der DSV-Datei \u00fcbernommen wurden.<br \/>\nWichtig f\u00fcr Trainer ist der Reiter &#8222;Meldungen&#8220;.<\/p>\n<p>&nbsp;<\/p>\n<p>In der untenstehenden Leiste seht Ihr einen Button f\u00fcr Staffelmeldungen:<\/p>\n<p><a href=\"https:\/\/www.ssv-senftenberg.de\/konzept\/wp-content\/uploads\/2023\/02\/webclub_veranstaltung_staffelmeldung.png\"><img loading=\"lazy\" decoding=\"async\" class=\"alignnone wp-image-7156\" src=\"https:\/\/www.ssv-senftenberg.de\/konzept\/wp-content\/uploads\/2023\/02\/webclub_veranstaltung_staffelmeldung-300x46.png\" alt=\"\" width=\"593\" height=\"91\" srcset=\"https:\/\/www.ssv-senftenberg.de\/konzept\/wp-content\/uploads\/2023\/02\/webclub_veranstaltung_staffelmeldung-300x46.png 300w, https:\/\/www.ssv-senftenberg.de\/konzept\/wp-content\/uploads\/2023\/02\/webclub_veranstaltung_staffelmeldung-768x117.png 768w, https:\/\/www.ssv-senftenberg.de\/konzept\/wp-content\/uploads\/2023\/02\/webclub_veranstaltung_staffelmeldung.png 931w\" sizes=\"auto, (max-width: 593px) 100vw, 593px\" \/><\/a><\/p>\n<p>&nbsp;<\/p>\n<p>Anschlie\u00dfend \u00f6ffnet sich separates Fenster zur Staffelmeldung. Ihr m\u00fcsst verpflichtend erstmal die Mannschaft (1.\/2.), die AK und das Geschlecht eingeben. Ebenfalls w\u00e4hlt Ihr den Wettkampf aus. Erst dann \u00f6ffnet sich ein weiterer Bereich, in dem Ihr die Schwimmer ausw\u00e4hlen k\u00f6nnt.<a href=\"https:\/\/www.ssv-senftenberg.de\/konzept\/wp-content\/uploads\/2023\/02\/webclub_neue_staffelmeldung.png\"><img loading=\"lazy\" decoding=\"async\" class=\"wp-image-7171 aligncenter\" src=\"https:\/\/www.ssv-senftenberg.de\/konzept\/wp-content\/uploads\/2023\/02\/webclub_neue_staffelmeldung-300x128.png\" alt=\"\" width=\"606\" height=\"258\" srcset=\"https:\/\/www.ssv-senftenberg.de\/konzept\/wp-content\/uploads\/2023\/02\/webclub_neue_staffelmeldung-300x128.png 300w, https:\/\/www.ssv-senftenberg.de\/konzept\/wp-content\/uploads\/2023\/02\/webclub_neue_staffelmeldung-768x327.png 768w, https:\/\/www.ssv-senftenberg.de\/konzept\/wp-content\/uploads\/2023\/02\/webclub_neue_staffelmeldung.png 845w\" sizes=\"auto, (max-width: 606px) 100vw, 606px\" \/><\/a><\/p>\n<p>\u00dcber den Button mit der einzelnen Person k\u00f6nnt Ihr euch die Personen einzeln ausw\u00e4hlen. Das System bietet nur die Schwimmer an, welche zur AK passen. <strong><em>(Siehe Felder Schwimmer &amp; bis!)<\/em><\/strong><a href=\"https:\/\/www.ssv-senftenberg.de\/konzept\/wp-content\/uploads\/2023\/02\/webclub_neue_staffelmeldung_neue_person.png\"><img loading=\"lazy\" decoding=\"async\" class=\" wp-image-7172 aligncenter\" src=\"https:\/\/www.ssv-senftenberg.de\/konzept\/wp-content\/uploads\/2023\/02\/webclub_neue_staffelmeldung_neue_person-300x129.png\" alt=\"\" width=\"598\" height=\"257\" srcset=\"https:\/\/www.ssv-senftenberg.de\/konzept\/wp-content\/uploads\/2023\/02\/webclub_neue_staffelmeldung_neue_person-300x129.png 300w, https:\/\/www.ssv-senftenberg.de\/konzept\/wp-content\/uploads\/2023\/02\/webclub_neue_staffelmeldung_neue_person-768x331.png 768w, https:\/\/www.ssv-senftenberg.de\/konzept\/wp-content\/uploads\/2023\/02\/webclub_neue_staffelmeldung_neue_person.png 870w\" sizes=\"auto, (max-width: 598px) 100vw, 598px\" \/><\/a><\/p>\n<p>Anschlie\u00dfend k\u00f6nnt Ihr in einem Reiter die Personen alleine<br \/>\nausw\u00e4hlen. Das System w\u00e4hlt die Zeiten aus.<\/p>\n<p><a href=\"https:\/\/www.ssv-senftenberg.de\/konzept\/wp-content\/uploads\/2023\/02\/webclub_veranstaltung_staffelmeldung_manuell.png\"><img loading=\"lazy\" decoding=\"async\" class=\"wp-image-7174 aligncenter\" src=\"https:\/\/www.ssv-senftenberg.de\/konzept\/wp-content\/uploads\/2023\/02\/webclub_veranstaltung_staffelmeldung_manuell-300x129.png\" alt=\"\" width=\"598\" height=\"257\" srcset=\"https:\/\/www.ssv-senftenberg.de\/konzept\/wp-content\/uploads\/2023\/02\/webclub_veranstaltung_staffelmeldung_manuell-300x129.png 300w, https:\/\/www.ssv-senftenberg.de\/konzept\/wp-content\/uploads\/2023\/02\/webclub_veranstaltung_staffelmeldung_manuell-768x331.png 768w, https:\/\/www.ssv-senftenberg.de\/konzept\/wp-content\/uploads\/2023\/02\/webclub_veranstaltung_staffelmeldung_manuell.png 936w\" sizes=\"auto, (max-width: 598px) 100vw, 598px\" \/><\/a><\/p>\n<p>Der andere Button mit der Gruppe schl\u00e4gt euch eine Staffelzusammensetzung vor, sofern es passende Schwimmer in der AK gibt.<br \/>\n<a href=\"https:\/\/www.ssv-senftenberg.de\/konzept\/wp-content\/uploads\/2023\/02\/webclub_neue_staffelmeldung_neue_staffel.png\"><img loading=\"lazy\" decoding=\"async\" class=\"wp-image-7173 aligncenter\" src=\"https:\/\/www.ssv-senftenberg.de\/konzept\/wp-content\/uploads\/2023\/02\/webclub_neue_staffelmeldung_neue_staffel-300x123.png\" alt=\"\" width=\"602\" height=\"247\" srcset=\"https:\/\/www.ssv-senftenberg.de\/konzept\/wp-content\/uploads\/2023\/02\/webclub_neue_staffelmeldung_neue_staffel-300x123.png 300w, https:\/\/www.ssv-senftenberg.de\/konzept\/wp-content\/uploads\/2023\/02\/webclub_neue_staffelmeldung_neue_staffel-768x315.png 768w, https:\/\/www.ssv-senftenberg.de\/konzept\/wp-content\/uploads\/2023\/02\/webclub_neue_staffelmeldung_neue_staffel.png 914w\" sizes=\"auto, (max-width: 602px) 100vw, 602px\" \/><\/a><\/p>\n<p>Wenn Ihr alle Schwimmer ausgew\u00e4hlt habt, k\u00f6nnt Ihr die Position durch die Pfeile ver\u00e4ndern. Die Zeiten werden separat angepasst. Um die Meldezeiten zu<br \/>\n\u00fcbertragen, klickt Ihr auf die Zeit im rechten Teil der Anzeige.<br \/>\n<a href=\"https:\/\/www.ssv-senftenberg.de\/konzept\/wp-content\/uploads\/2023\/02\/webclub_staffelmeldung_fertigstellen.png\"><img loading=\"lazy\" decoding=\"async\" class=\"wp-image-7175 aligncenter\" src=\"https:\/\/www.ssv-senftenberg.de\/konzept\/wp-content\/uploads\/2023\/02\/webclub_staffelmeldung_fertigstellen-300x176.png\" alt=\"\" width=\"599\" height=\"351\" srcset=\"https:\/\/www.ssv-senftenberg.de\/konzept\/wp-content\/uploads\/2023\/02\/webclub_staffelmeldung_fertigstellen-300x176.png 300w, https:\/\/www.ssv-senftenberg.de\/konzept\/wp-content\/uploads\/2023\/02\/webclub_staffelmeldung_fertigstellen-768x449.png 768w, https:\/\/www.ssv-senftenberg.de\/konzept\/wp-content\/uploads\/2023\/02\/webclub_staffelmeldung_fertigstellen.png 839w\" sizes=\"auto, (max-width: 599px) 100vw, 599px\" \/><\/a><\/p>\n<p>Nach dem Speichern k\u00f6nnen weitere Staffelmeldungen get\u00e4tigt werden. Die fertiggestellten Staffelmeldungen sind in der Liste der Meldungen zu finden:<\/p>\n<p><a href=\"https:\/\/www.ssv-senftenberg.de\/konzept\/wp-content\/uploads\/2023\/02\/webclub_staffelmeldung_fertig.png\"><img loading=\"lazy\" decoding=\"async\" class=\"wp-image-7176 aligncenter\" src=\"https:\/\/www.ssv-senftenberg.de\/konzept\/wp-content\/uploads\/2023\/02\/webclub_staffelmeldung_fertig-300x61.png\" alt=\"\" width=\"600\" height=\"122\" srcset=\"https:\/\/www.ssv-senftenberg.de\/konzept\/wp-content\/uploads\/2023\/02\/webclub_staffelmeldung_fertig-300x61.png 300w, https:\/\/www.ssv-senftenberg.de\/konzept\/wp-content\/uploads\/2023\/02\/webclub_staffelmeldung_fertig-1024x208.png 1024w, https:\/\/www.ssv-senftenberg.de\/konzept\/wp-content\/uploads\/2023\/02\/webclub_staffelmeldung_fertig-768x156.png 768w, https:\/\/www.ssv-senftenberg.de\/konzept\/wp-content\/uploads\/2023\/02\/webclub_staffelmeldung_fertig.png 1147w\" sizes=\"auto, (max-width: 600px) 100vw, 600px\" \/><\/a><\/p>\n<p>Funktionen zum Abschluss und Versand der Meldung sind dem Sportwart vorbehalten, da dies nur einmalig f\u00fcr den Verein und nicht je Trainingsgruppe m\u00f6glich ist.<\/p>\n<p><em>zur\u00fcck zu\u00a0<a href=\"https:\/\/www.ssv-senftenberg.de\/konzept\/was-ist-webclub\/\">Was ist Webclub<\/a>\u00a0| weiter zu\u00a0<a href=\"https:\/\/www.ssv-senftenberg.de\/konzept\/was-ist-webclub\/menuepunkt-auswertungen\/\">Men\u00fcpunkt Auswertungen<\/a><\/em><\/p>\n","protected":false},"excerpt":{"rendered":"<p>Nach der Anmeldung am Webclub die Funktion &#8222;Veranstaltungen&#8220; ausw\u00e4hlen um in die Veranstaltungsliste zu gelangen. &nbsp; &nbsp; \u00dcber einen Klick auf den \u201egelben Ordner\u201c neben der Veranstaltung gelangt ihr zu den Details des Wettkampfs. &nbsp; &nbsp; In den Reitern findet ihr Basisdaten zum Wettkampf, den Abschnitten usw. welche durch den Sportwart eingetragen oder aus der &hellip; <\/p>\n<p class=\"link-more\"><a href=\"https:\/\/www.ssv-senftenberg.de\/konzept\/was-ist-webclub\/staffelmeldung\/\" class=\"more-link\"><span class=\"screen-reader-text\">\u201eStaffelmeldung\u201c <\/span>weiterlesen<\/a><\/p>\n","protected":false},"author":5,"featured_media":0,"parent":7103,"menu_order":0,"comment_status":"closed","ping_status":"closed","template":"","meta":{"footnotes":""},"class_list":["post-7159","page","type-page","status-publish","hentry"],"_links":{"self":[{"href":"https:\/\/www.ssv-senftenberg.de\/konzept\/wp-json\/wp\/v2\/pages\/7159","targetHints":{"allow":["GET"]}}],"collection":[{"href":"https:\/\/www.ssv-senftenberg.de\/konzept\/wp-json\/wp\/v2\/pages"}],"about":[{"href":"https:\/\/www.ssv-senftenberg.de\/konzept\/wp-json\/wp\/v2\/types\/page"}],"author":[{"embeddable":true,"href":"https:\/\/www.ssv-senftenberg.de\/konzept\/wp-json\/wp\/v2\/users\/5"}],"replies":[{"embeddable":true,"href":"https:\/\/www.ssv-senftenberg.de\/konzept\/wp-json\/wp\/v2\/comments?post=7159"}],"version-history":[{"count":5,"href":"https:\/\/www.ssv-senftenberg.de\/konzept\/wp-json\/wp\/v2\/pages\/7159\/revisions"}],"predecessor-version":[{"id":7203,"href":"https:\/\/www.ssv-senftenberg.de\/konzept\/wp-json\/wp\/v2\/pages\/7159\/revisions\/7203"}],"up":[{"embeddable":true,"href":"https:\/\/www.ssv-senftenberg.de\/konzept\/wp-json\/wp\/v2\/pages\/7103"}],"wp:attachment":[{"href":"https:\/\/www.ssv-senftenberg.de\/konzept\/wp-json\/wp\/v2\/media?parent=7159"}],"curies":[{"name":"wp","href":"https:\/\/api.w.org\/{rel}","templated":true}]}}