{"id":7386,"date":"2023-03-13T18:49:34","date_gmt":"2023-03-13T17:49:34","guid":{"rendered":"https:\/\/www.ssv-senftenberg.de\/konzept\/?page_id=7386"},"modified":"2025-10-17T10:41:09","modified_gmt":"2025-10-17T08:41:09","slug":"formulare-fuer-mitglieder","status":"publish","type":"page","link":"https:\/\/www.ssv-senftenberg.de\/konzept\/formulare-fuer-mitglieder\/","title":{"rendered":"\u00f6ffentliche Dokumente"},"content":{"rendered":"<h3>\u00f6ffentliche Dokumente f\u00fcr Mitglieder und Interessierte<\/h3>\r\n<hr \/>\r\n<ul>\r\n<li><a href=\"https:\/\/www.ssv-senftenberg.de\/konzept\/wp-content\/uploads\/2023\/01\/Mitgliedsantrag_neu_2023.pdf\" target=\"_blank\" rel=\"noopener noreferrer\">Aufnahmeantrag als <span style=\"color: #ff0000;\">PDF<\/span><\/a><\/li>\r\n<li><a href=\"https:\/\/www.ssv-senftenberg.de\/konzept\/wp-content\/uploads\/2025\/10\/Aerztliches-Zeugnis-ueber-die-Sportgesundheit-.pdf\">\u00e4rztliche Untersuchung f\u00fcr alle Mitglieder als <span style=\"color: #ff0000;\">PDF<\/span><\/a> <br \/>(1 mal j\u00e4hrlich von jedem aktiven Mitglied neu vorzulegen)<\/li>\r\n<li><a href=\"https:\/\/www.ssv-senftenberg.de\/konzept\/wp-content\/uploads\/2022\/06\/Vereinssatzung_2022.pdf\" target=\"_blank\" rel=\"noopener noreferrer\">Satzung als <span style=\"color: #ff0000;\">PDF\u00a0<\/span><\/a><\/li>\r\n<\/ul>\r\n\r\n<h3>Das Regelwerk-Archiv des SSV-Senftenberg e.V.<\/h3>\r\n<p><img loading=\"lazy\" decoding=\"async\" class=\"alignright size-full wp-image-1067\" src=\"https:\/\/www.ssv-senftenberg.de\/konzept\/wp-content\/uploads\/2019\/04\/pdficon.jpg\" alt=\"\" width=\"70\" height=\"77\" \/><\/p>\r\n<hr \/>\r\n<ul>\r\n<li><a href=\"https:\/\/www.ssv-senftenberg.de\/konzept\/wp-content\/uploads\/2019\/04\/Trainingsregeln.pdf\" target=\"_blank\" rel=\"noopener noreferrer\">Trainingsregeln als <span style=\"color: #ff0000;\">PDF\u00a0<\/span><\/a><\/li>\r\n<li><a href=\"https:\/\/www.ssv-senftenberg.de\/konzept\/wp-content\/uploads\/2020\/12\/Bedingungen-fuer-Schwimmabzeichen.pdf\" target=\"_blank\" rel=\"noopener noreferrer\">Bedingungen f\u00fcr Schwimmabzeichen als <span style=\"color: #ff0000;\">PDF<\/span><\/a><\/li>\r\n<li><a href=\"https:\/\/www.ssv-senftenberg.de\/konzept\/wp-content\/uploads\/2020\/12\/Deutsches-Rettungsschwimmabzeichen-.pdf\" target=\"_blank\" rel=\"noopener noreferrer\">Bedingungen f\u00fcr Rettungsschwimmabzeichen als <span style=\"color: #ff0000;\">PDF<\/span><\/a><\/li>\r\n<li><a href=\"https:\/\/www.ssv-senftenberg.de\/konzept\/wp-content\/uploads\/2019\/04\/Wettkampfbestimmungen-Allg.Teil-2018.pdf\" target=\"_blank\" rel=\"noopener noreferrer\">Wettkampfbestimmungen-Allg.Teil als <span style=\"color: #ff0000;\">PDF<\/span><\/a><\/li>\r\n<li><a href=\"https:\/\/www.ssv-senftenberg.de\/konzept\/wp-content\/uploads\/2019\/04\/Wettkampfbestimmungen-Fachteil_Schwimmen_2018_02_12.pdf\" target=\"_blank\" rel=\"noopener noreferrer\">Wettkampfbestimmungen-Fachteil Schwimmen als <span style=\"color: #ff0000;\">PDF<\/span><\/a><\/li>\r\n<li><a href=\"https:\/\/www.ssv-senftenberg.de\/konzept\/wp-content\/uploads\/2019\/04\/Jugendschutz-Regeln_Schwimmen.pdf\" target=\"_blank\" rel=\"noopener noreferrer\">Jugendschutz-Regeln Schwimmen als <span style=\"color: #ff0000;\">PDF<\/span><\/a><\/li>\r\n<li><a href=\"https:\/\/www.ssv-senftenberg.de\/konzept\/wp-content\/uploads\/2019\/04\/Kampfrichter-Ordnung_SW_20141.pdf\" target=\"_blank\" rel=\"noopener noreferrer\">Kampfrichter-Ordnung als <span style=\"color: #ff0000;\">PDF<\/span><\/a><\/li>\r\n<li><a href=\"https:\/\/www.ssv-senftenberg.de\/konzept\/wp-content\/uploads\/2019\/04\/Richtlinie-Qualifizierung-Trainer-2017L.pdf\" target=\"_blank\" rel=\"noopener noreferrer\">Richtlinie Qualifizierung Trainer als <span style=\"color: #ff0000;\">PDF<\/span><\/a><\/li>\r\n<\/ul>\r\n","protected":false},"excerpt":{"rendered":"<p>\u00f6ffentliche Dokumente f\u00fcr Mitglieder und Interessierte Aufnahmeantrag als PDF \u00e4rztliche Untersuchung f\u00fcr alle Mitglieder als PDF (1 mal j\u00e4hrlich von jedem aktiven Mitglied neu vorzulegen) Satzung als PDF\u00a0 Das Regelwerk-Archiv des SSV-Senftenberg e.V. Trainingsregeln als PDF\u00a0 Bedingungen f\u00fcr Schwimmabzeichen als PDF Bedingungen f\u00fcr Rettungsschwimmabzeichen als PDF Wettkampfbestimmungen-Allg.Teil als PDF Wettkampfbestimmungen-Fachteil Schwimmen als PDF Jugendschutz-Regeln Schwimmen &hellip; <\/p>\n<p class=\"link-more\"><a href=\"https:\/\/www.ssv-senftenberg.de\/konzept\/formulare-fuer-mitglieder\/\" class=\"more-link\"><span class=\"screen-reader-text\">\u201e\u00f6ffentliche Dokumente\u201c <\/span>weiterlesen<\/a><\/p>\n","protected":false},"author":5,"featured_media":0,"parent":0,"menu_order":0,"comment_status":"closed","ping_status":"closed","template":"","meta":{"footnotes":""},"class_list":["post-7386","page","type-page","status-publish","hentry"],"_links":{"self":[{"href":"https:\/\/www.ssv-senftenberg.de\/konzept\/wp-json\/wp\/v2\/pages\/7386","targetHints":{"allow":["GET"]}}],"collection":[{"href":"https:\/\/www.ssv-senftenberg.de\/konzept\/wp-json\/wp\/v2\/pages"}],"about":[{"href":"https:\/\/www.ssv-senftenberg.de\/konzept\/wp-json\/wp\/v2\/types\/page"}],"author":[{"embeddable":true,"href":"https:\/\/www.ssv-senftenberg.de\/konzept\/wp-json\/wp\/v2\/users\/5"}],"replies":[{"embeddable":true,"href":"https:\/\/www.ssv-senftenberg.de\/konzept\/wp-json\/wp\/v2\/comments?post=7386"}],"version-history":[{"count":8,"href":"https:\/\/www.ssv-senftenberg.de\/konzept\/wp-json\/wp\/v2\/pages\/7386\/revisions"}],"predecessor-version":[{"id":8859,"href":"https:\/\/www.ssv-senftenberg.de\/konzept\/wp-json\/wp\/v2\/pages\/7386\/revisions\/8859"}],"wp:attachment":[{"href":"https:\/\/www.ssv-senftenberg.de\/konzept\/wp-json\/wp\/v2\/media?parent=7386"}],"curies":[{"name":"wp","href":"https:\/\/api.w.org\/{rel}","templated":true}]}}